613 a prime number?
False
Is 87152987 composite?
False
Is 730748861 a composite number?
False
Is 1740561913 prime?
True
Is 38633355206 composite?
True
Is 7616785327 composite?
False
Is 666613667 a composite number?
False
Is 270230567 a prime number?
False
Is 5027284729 a prime number?
True
Is 11139115421 prime?
False
Is 8476228621 a composite number?
True
Is 14086439 a prime number?
True
Is 28118984867 prime?
True
Is 2052434 a prime number?
False
Is 759384079 prime?
True
Is 10510489907 a prime number?
True
Is 62312023261 prime?
False
Is 11316040201 a composite number?
True
Is 46231667101 prime?
True
Is 45707891 prime?
True
Is 1776847379 a composite number?
True
Is 822333805 a composite number?
True
Is 810950453 a composite number?
True
Is 950544731 a prime number?
True
Is 120114341 prime?
True
Is 64311002303 prime?
True
Is 759803683813 composite?
False
Is 528606453 composite?
True
Is 1047098951 a prime number?
True
Is 13397355239 a composite number?
False
Is 20588789327 prime?
False
Is 2141804407 a composite number?
True
Is 5479754971 prime?
False
Is 2773554457 a prime number?
False
Is 1220021767 composite?
False
Is 719123619 prime?
False
Is 1855533107 a composite number?
True
Is 69510243091 prime?
True
Is 13993910297 a prime number?
False
Is 124256423 prime?
False
Is 1630628213 prime?
True
Is 2281820737 a prime number?
False
Is 50781660997 composite?
False
Is 113135724137 a composite number?
False
Is 2329452371 prime?
True
Is 139646617 prime?
False
Is 1263262043 prime?
True
Is 22697430554 prime?
False
Is 5061684583 a composite number?
True
Is 152997407 composite?
False
Is 4180814779 prime?
True
Is 5253834503 a prime number?
False
Is 31022352877 prime?
True
Is 11876970731 a prime number?
True
Is 2112722207 a prime number?
True
Is 984708937 a prime number?
False
Is 3716129173 composite?
False
Is 17954968039 a prime number?
False
Is 42526823479 a composite number?
True
Is 13939785367 composite?
True
Is 403633429 composite?
False
Is 1597152803 composite?
True
Is 1017099191 prime?
True
Is 3320867647 prime?
True
Is 2710923151 a composite number?
False
Is 367429759 a prime number?
True
Is 2678385137 a composite number?
True
Is 94395264193 composite?
False
Is 230414470073 composite?
True
Is 321890159 a prime number?
True
Is 2808251429 a prime number?
True
Is 31109439607 a prime number?
True
Is 40614221741 a composite number?
False
Is 187622671 prime?
False
Is 5231155147 composite?
True
Is 116493963823 prime?
False
Is 5418483437 a composite number?
False
Is 45430490401 composite?
False
Is 12174962743 prime?
False
Is 12796171489 prime?
False
Is 111902885695 composite?
True
Is 318792087637 composite?
False
Is 6197632433 composite?
True
Is 58338428507 a composite number?
False
Is 2226944129 prime?
False
Is 28099317539 a composite number?
False
Is 897292267 a composite number?
True
Is 32434731193 a composite number?
True
Is 14894348237 a prime number?
True
Is 5322417781 a composite number?
True
Is 1067100311 a prime number?
True
Is 46830019421 composite?
False
Is 3401072591 prime?
False
Is 10160941493 a prime number?
False
Is 11797998977 a prime number?
True
Is 12726069647 a composite number?
False
Is 18739007194 a prime number?
False
Is 448866815 prime?
False
Is 268141911 composite?
True
Is 28896221707 a composite number?
False
Is 3902266157 composite?
False
Is 1354481353 composite?
False
Is 2531073871 composite?
True
Is 177060329 a composite number?
True
Is 8807625107 a prime number?
True
Is 2152704283 a prime number?
False
Is 34573870563 a prime number?
False
Is 136267024111 composite?
False
Is 1341482177 prime?
False
Is 1045157261 prime?
False
Is 5093873597 composite?
True
Is 367980493 a prime number?
False
Is 11476988771 a composite number?
True
Is 7071669719 prime?
False
Is 10828913593 a prime number?
False
Is 39225009469 a composite number?
False
Is 481599071 prime?
False
Is 7296794119 a composite number?
False
Is 76118219323 prime?
True
Is 1472684251 composite?
True
Is 2001750341 prime?
True
Is 15364459247 a composite number?
True
Is 169316981 composite?
False
Is 6051305179 prime?
True
Is 1041777931 prime?
True
Is 609222587 prime?
False
Is 360701933 prime?
True
Is 60728986651 prime?
True
Is 901144019 composite?
True
Is 34301454679 a composite number?
False
Is 53559415213 prime?
False
Is 7538803427 composite?
False
Is 4597509883 a composite number?
False
Is 320433314 a composite number?
True
Is 13730725013 a prime number?
False
Is 30558954689 prime?
False
Is 18028979831 a composite number?
False
Is 657905929 composite?
False
Is 1439216117 composite?
False
Is 35533422311 a prime number?
False
Is 1618788361 prime?
True
Is 21170139511 composite?
True
Is 37065619 a composite number?
True
Is 326040661 prime?
True
Is 1149901723 composite?
False
Is 163685857 composite?
False
Is 206177371 prime?
True
Is 27879292373 a composite number?
True
Is 1620753 composite?
True
Is 21341749231 a prime number?
False
Is 439102871 prime?
False
Is 1644148211 composite?
True
Is 68358955981 prime?
False
Is 1477788077 a prime number?
False
Is 4374619153 composite?
False
Is 93560878709 a composite number?
False
Is 6686339047 a prime number?
False
Is 8285947123 prime?
True
Is 43583967131 a prime number?
True
Is 305146717 prime?
True
Is 128892610439 prime?
True
Is 213374983 a prime number?
True
Is 116700803287 a composite number?
True
Is 278689223 a composite number?
False
Is 25722108781 a composite number?
True
Is 15918076682 a composite number?
True
Is 11640759499 prime?
True
Is 168720124901 a prime number?
True
Is 322755707 a composite number?
False
Is 1623257119 composite?
True
Is 12319635007 prime?
False
Is 1538519253 composite?
True
Is 1396142843 composite?
True
Is 3458111765 composite?
True
Is 22148161801 prime?
False
Is 5438813203 a composite number?
False
Is 6185190203 composite?
False
Is 23002779881 a prime number?
False
Is 3383922499 a prime number?
True
Is 5178759347 composite?
False
Is 29749389181 prime?
True
Is 1349084353 prime?
False
Is 100383763 prime?
True
Is 40264812257 composite?
False
Is 2532938383 a composite number?
True
Is 14520122957 composite?
True
Is 14313069013 a composite number?
False
Is 46989545 a composite number?
True
Is 68658870151 a composite number?
False
Is 3474287819 composite?
True
Is 10589990221 a composite number?
False
Is 977777093 prime?
True
Is 36853237589 prime?
False
Is 6781300709 prime?
False
Is 1799148443 a composite number?
False
Is 34347994649 a composite number?
False
Is 35088877697 prime?
False
Is 2215908715 a composite number?
True
Is 1998948131 a composite number?
False
Is 4373147287 composite?
True
Is 3523837021 a composite number?
False
Is 5451826961 prime?
False
Is 5583820481 composite?
False
Is 22660637159 prime?
True
Is 928331633 prime?
False
Is 1889273401 composite?
True
Is 105084932437 a composite number?
False
Is 285466901 composite?
True
Is 2792352163 prime?
False
Is 61373185 a composite number?
True
Is 1294565999 prime?
True
Is 6434343739 a composite number?
False
Is 14903100987 a composite number?
True
Is 669644179 a prime number?
True
Is 26073984527 a prime number?
True
Is 79204967383 composite?
True
Is 40656605929 composite?
True
Is 6937219579 composite?
True
Is 37325186 a prime number?
False
Is 1511869285 a prime number?
False
Is 42780094249 prime?
False
Is 2794525787 composite?
True
Is 4180711573 a composite number?
False
Is 971250900595 a composite number?
True
Is 10442910333 a composite number?
True
Is 2841938557 composite?
True
Is 652943651 a prime number?
True
Is 6091093551 prime?
False
Is 90537055991 prime?
True
Is 16509894851 a composite number?
True
Is 10221920447 a composite number?
True
Is 3347066971 a composite number?
True
Is 1565206031 a composite number?
True
Is 15405287 a prime number?
True
Is 17227232917 prime?
True
Is 4618784351 prime?
True
Is 1220429363 a composite number?
True
Is 26227746317 composite?
False
Is 74063417429 composite?
False
Is 2974579279 composite?
True
Is 32513837 a composite number?
True
Is 35568166589 prime?
True
Is 9580005791 a composite number?
True
Is 384319951 a composite number?
False
Is 866711509 a prime number?
True
Is 26696446435 a composite number?
True
Is 149405869 a prime number?
True
Is 7338194761 prime?
True
Is 35585153 a prime number?
True
Is 656600723 prim